te 11 - 18 - -15 - 22.
-14
-2 - (31 + (-7 - 7))
-19
Evaluate (0 - 11) + 1 + 8.
-2
What is the value of -23 + 46 + -19 - (-6 + -1)?
11
What is 4 + -15 - (101 - 108) - (-3 + -10)?
9
-10 + (44 - 30) - (-2 - -9)
-3
What is -1 - -2 - (19 + (9 - 23))?
-4
Calculate 40 + 10 + -27 + -48.
-25
(1 + 0 - -5) + -10 + -17 + 36
15
Calculate 15 - (14 + 2 - 23).
22
167 - 172 - (2 + -3 + (-5 - -3))
-2
7 + -11 + 9 + -10
-5
What is the value of -7 - (49 + -39 + (-2 - 2) - 10)?
-3
What is the value of 3 + (-4 - -2) - (-14 - (20 - 42))?
-7
What is (-26 - 3) + 12 + -6 + 3?
-20
What is the value of -1 + -17 - ((15 - 9) + 14 + -12)?
-26
Evaluate (-11 - (1 - 21)) + -3.
6
Evaluate (3 - -5) + 5 + -6 + -6.
1
Calculate -32 + (-39 - -16) + 24.
-31
14 - (-54 + 39 + 37)
-8
Calculate 1 + 3 + (3 - (-15 + 11)) + 0.
11
What is the value of 15 + (-12 + 13 - 10)?
6
What is the value of (14 - (4 + 5 + 21)) + -9?
-25
What is the value of 15 - (7 + -7 + 9 - 0)?
6
Calculate -3 + -5 - 0 - (-5 + (-9 - 4)).
10
-4 + (-1 + -12 + 2 - (83 + -84))
-14
What is (35 - (2 + 4 - -5)) + 10 - 5?
29
1 + -78 + -1 + 39
-39
What is the value of -7 - (10 - ((19 - -1) + -11))?
-8
13 - (-17 + -7 + 30)
7
Calculate -29 - -16 - ((-6 - 3) + 22).
-26
Calculate 8 + (-6 - -9) + -9.
2
What is the value of -8 + (4 - 6) + 19?
9
Calculate 8 - 1 - (-2 + (-4 - -9)).
4
-4 + (5 - -6) + -5 + -16 + 1
-13
Calculate 9 + -9 + (-1 - 0) - (389 + -386).
-4
Evaluate -3 - (3 + 4 - -3).
-13
What is the value of 47 - 39 - ((-2 - -13) + 1)?
-4
-3 + -7 + -1 + 6 - -1
-4
What is -48 + 22 - -75 - 21?
28
Calculate 2 + -31 - (-20 + 4).
-13
Calculate -2 + -14 + 9 - -8.
1
1 + -1 + -1 + 139 + -123
15
Evaluate -10 + 1 + -11 + 2 + 5.
-13
What is the value of -58 - 4 - -42 - (-14 - -1)?
-7
What is the value of 10 + (-6 - 9 - 1) + (-2 - 6)?
-14
What is 4 - -13 - (-11 - (-4 + -8) - 8)?
24
Calculate -12 - (-11 + 2 + (3 - 3)).
-3
What is 20 + -33 + (5 - -1)?
-7
Evaluate -5 - ((-1 + -3 - -12) + 0).
-13
2153 + -2172 - (1 - (-2 + 2))
-20
-12 + (-11 + 21 - -4) + 10
12
What is the value of 5 + -1 + -11 + 51 + -36?
8
Evaluate 28 + (-9 - -24 - 7) + -2 + -8.
26
Calculate -19 + -1 + 0 + (-127 + 50 - -72).
-25
Calculate 12 + (13 - 12) - (29 + -16).
0
0 + -9 + (6 - 10 - -8) - -1
-4
23 - (-3 - (-5 + (-8 - (0 + -5))))
18
What is 1 + 13 - (8 - (13 - 15) - 9)?
13
Evaluate 8 + -2 - (-79 - -76) - -16.
25
What is -7 + (-1 - (0 + 5 + -8)) + -14?
-19
Calculate (-1 - -23) + (-6 - -10 - (-2 - -9)).
19
What is (-8 - 2) + 1 + 3?
-6
Calculate -29 - 0 - (-6 - (12 + -3 - 14)).
-28
(-15 + 26 - 12 - -8) + (6 - 1)
12
What is 48 - 64 - (-8 - -1)?
-9
(2 + 0 - (21 + -23)) + 20
24
Calculate (10 - (-2 - (11 + -13))) + 3.
13
Calculate -11 - (8 + (-1 + 4 - 9)).
-13
-7 - (-26 - -12 - -9)
-2
What is (-40 - -37 - (1 + 1)) + 11 + -15?
-9
What is 0 + 5 + -2 + (-14 - (0 - 5))?
-6
-12 + 6 + 16 + 9 + 1 + 10
30
What is the value of -18 + -4 - (-9 + 8)?
-21
What is the value of -4 - (12 - (-7 + 15 + -5))?
-13
What is -15 + (19 + -16 + 3 - 0)?
-9
Evaluate 1 - 6 - (-24 + 33 + -9).
-5
What is 15 + (6 + -27 - -12)?
6
Calculate (2 - 18) + (108 - 85).
7
What is the value of -9 - (-6 - (-10 - -11))?
-2
What is -9 + -24 + 14 + (8 - -5) + -5?
-11
What is the value of -14 - (-8 + 13 + -6 + (4 - -5))?
-22
What is 51 + -13 - 79 - -53?
12
Calculate 2 + 3 + -14 + 12 + -4 - -6.
5
Calculate 8 + 2 + -2 - (967 - 979).
20
-15 - (8 - (15 + 0)) - (2 + 6)
-16
What is the value of 9 + -41 + 64 + -57 + (0 - 14)?
-39
Evaluate (8 - (8 + -13) - 3) + -12.
-2
What is the value of 5 + -5 + -19 + 18?
-1
What is the value of (6 - (16 - 4)) + 1 + (6 - -1)?
2
-3 - ((17 - 17 - -14) + -5 + 0)
-12
Evaluate 20 + (3 + 17 + -9 - 24 - -6).
13
What is the value of -2 + -6 + 2 + (14 - 15 - -1)?
-6
(-3 - (-11 - -6) - 13) + 29
18
(-1 - (-6 + -6 + -4)) + -8 - 15
-8
Calculate -34 - (13 - (-9 - (-27 - -9))) - -7.
-31
What is (1 - (1 - 2)) + (-38 - -41) + -22?
-17
Calculate 20 + (1 - -1) - (-2 + 5 + 5).
14
Calculate (-60 - -99) + (-49 - -13).
3
(2 - -21) + (-9 - 0)
14
Evaluate 30 + -33 + (4 - 0) - -17.
18
-3 - -1 - 34 - 4
-40
23 - -6 - 1 - 49
-21
What is the value of 0 + -1 + 5 + -4 - (-8 + -14)?
22
Evaluate -24 + 26 - (16 - ((5 - 5) + 5)).
-9
What is (8 - (-15 - -11)) + -11?
1
What is (-40 - -16) + 17 - -14?
7
Evaluate -1 + (8 + -5 - 6) + 8.
4
What is the value of (-10 - (-7 - -10)) + 5 - (-7 - -16)?
-17
What is (42 - 38) + (-2 - (2 + 7))?
-7
What is 0 + -7 + -2504 + 2531?
20
What is (1 - 11 - (-17 - -15)) + 6?
-2
Evaluate 10 - -11 - 43 - -30.
8
What is (1 - -10) + 6 + 14 + (-17 - 11)?
3
What is the value of 6 - (-9 - (-10 - -2)) - 6?
1
Evaluate (10 + -4 - 1) + (-5 - 5 - -7).
2
9 + -41 + 37 + (0 - -1) + -2
4
-2 - 9 - (-118 - -98)
9
-7 - (7 + -15) - -3
4
(-52 - (-1 + -43)) + (19 - -1)
12
-1 - ((2 - 5) + 0 + 8)
-6
Evaluate -15 + (12 - (34 - 13)) + -5.
-29
What is (25 - 1) + (620 - 644)?
0
Evaluate -1037 + 1036 + -5 + (0 - -1).
-5
Evaluate -18 + 17 + 21 - 16.
4
Calculate 31 + (5 - 8) + -2 - (0 + 8).
18
25 + -33 + 29 - -1
22
What is the value of 1 + -4 + (5 + 4 - 7)?
-1
What is the value of (6 - -1) + (0 + -45 - (380 + -397))?
-21
What is the value of -12 + 7 + -11 + 13?
-3
Calculate (0 - -2) + 46 + (-33 - -6).
21
Calculate -1 + 24 - (42 + -23).
4
What is 16 - (-222 + 230 - (0 + 3))?
11
Calculate 14 + 30 + -58 - (-1 + -7).
-6
What is -82 + 93 - (1 + 14) - 13?
-17
What is the value of (-13 - 5) + 38 + -4?
16
What is the value of -14 + 33 - 56 - -17?
-20
-3 - (0 + 13) - (-3 - -15 - 8)
-20
Evaluate 33 - (-15 - (-2 + -15)) - 20.
11
Calculate 2 + -16 + (-41 - (41 - 72)).
-24
Calculate 2 + -33 - (-13 - 14).
-4
Evaluate 7 - (-9 - -6) - 11.
-1
Evaluate (-6 - -28) + ((-6 - -11) + -2 - -3).
28
16 + 4 - 16 - -10
14
What is (-3 - 3) + 25 + -27 + (-2 - 0)?
-10
What is -3296 - -3280 - (0 + (0 - -12))?
-28
Calculate 5 + 2 + (3 + -7 - 3).
0
39 - (-2 - -3) - (-755 + 756)
37
Evaluate -34 + (-2 - 0) + 0 + 34 + -29.
-31
Calculate 23 - ((-12 - -18) + 13).
4
What is the value of 1 + -1 + (-21 - (7 + -8 - 5))?
-15
What is the value of -3 + 2 + 4 + 0 + (-1 - 3)?
-1
Calculate 2 - (-23 - (-34 + 12)).
3
What is the value of -32 + -5 - -46 - 7?
2
Evaluate 0 - 16 - (-39 + 33).
-10
What is the value of -10 - (-3 - -4) - (0 + 0 - 3)?
-8
Evaluate (3 - 2) + 3 + -20 + 6 + -2.
-12
Calculate (-9 - -20 - 6) + -13 - -19.
11
Evaluate (0 - (5 + -2 + -2)) + 10 + -2.
7
-2 + -9 + 10 + (16 - 10)
5
What is (-14 - -7) + 15 + (0 - 7)?
1
Calculate -1026 + 1017 + (-8 - 1).
-18
What is 0 + 12 + 3 - (7 + -8 + 8)?
8
(34 - (78 + 25)) + 33
-36
Calculate -38 - -20 - (-7 - 5).
-6
What is (10 - 12) + (10 - (-17 - -35))?
-10
Evaluate 8 + 1 + (-1 + -2 - -1) + 0.
7
Evaluate (-100 - -116) + 9 + -3 + 4.
26
(-59 - -52) + -5 + 0
-12
Evaluate (-4 - 7 - -8) + 15.
12
What is the value of 29 + (-29 - 2 - 8)?
-10
What is the value of 2 + (7 - (-5 - -7)) - (-3 + 0)?
10
Evaluate 1 + -7 + 12 + 4 + (2 - -1).
13
Evaluate 163 + -157 + (4 - 1).
9
3 - 1 - (3 + (-1 - (5 + 2)))
7
Calculate -10 - (16 - 18 - 3).
-5
(1 + -9 - (21 + -18 + -20)) + -11
-2
-31 - (-3 - 6) - -10
-12
24 - 2 - 15 - 20
-13
Evaluate 10 + (-22 + 11 - -12) + -30.
-19
What is the value of 8 - -13 - (4 + (-4 - 1) + 0)?
22
Evaluate (14 - (6 - 15)) + -6 + 1 + 0.
18
Calculate 3 + (3 - 3) + 0.
3
Evaluate (-11 - (-3 + 1)) + 300 + -292 + 9.
8
Evaluate -14 + 13 + -1 + (9 - 13) - 3.
-9
Calculate 1 + -1 + (-30 - -20).
-10
Calculate 0 + (-34 - -19 - (0 + 3)).
-18
What is 2 + (11 - 0) - (-20 - (-63 - -37))?
7
What is the value of -16 + (-3 - (-1 + 6 + -3 - 8))?
-13
Calculate -74 + 107 - (19 + 1).
13
What is the value of -1 + -8 + 67 + -32 + -31?
-5
What is the value of -12 + -1 + 23 + -34 - -11?
-13
Calculate (-5 - 2) + 11 + (-4 - -1) + -11.
-10
What is the value of 10 + (-8 - -2) + -10 - (-2 + 0)?
-4
Evaluate (6 - 19) + -22 + 22.
-13
14 - (34 + (-5 - 6)) - -9
0
Calculate -1 + 0 + (6 - 2).
3
What is -118 + 142 + 0 + -8?
16
What is -11 - -14 - (-2 - -4)?
1
Evaluate -23 + (11 + -28 - -69).
29
(19 - 0) + (-4 - 10)
5
What is the value of -21 - -2 - 7 - (0 - 12)?
-14
Calculate (3 - (-24 + -4)) + (-18 - -16).
29
What is the value of 5 + -2 + 0 - (-9 - -4)?
8
What is the value of -4 - (-200 + 221 - (12 - 0))?
-13
-11 - ((-11 - -17) + -16)
-1
Calculate -3 - (28 - 2 - 42).
13
Calculate 6 - 1 - (-24 - -14) - 18.
-3
Calculate 1077 + -1057 + 0 + -27.
-7
4 + -3 + -25 - (20 + -6